16988.
2126
What is the highest common divisor of 811 and 25313743?
811
Calculate the greatest common divisor of 4064 and 408178.
254
What is the greatest common factor of 616 and 70442?
2
What is the highest common divisor of 36 and 48820221?
9
Calculate the highest common factor of 2030 and 192560.
290
What is the highest common divisor of 41209182 and 82?
82
Calculate the greatest common factor of 13387 and 979231.
11
Calculate the greatest common factor of 512458584 and 12.
12
Calculate the highest common divisor of 916 and 2306667994.
458
What is the highest common divisor of 20114145 and 2040?
255
Calculate the greatest common divisor of 216267 and 282.
3
What is the greatest common factor of 8065791 and 108?
27
Calculate the highest common factor of 27935 and 3667995.
185
Calculate the highest common factor of 1810370 and 22882.
1346
Calculate the greatest common factor of 23025747 and 109356.
2103
What is the greatest common factor of 18513 and 50908693?
2057
Calculate the highest common factor of 130095 and 391860.
315
Calculate the greatest common divisor of 45163 and 1083304.
19
What is the greatest common divisor of 329430 and 2661510?
2370
Calculate the highest common divisor of 1171244 and 162983.
349
Calculate the highest common divisor of 50300730 and 50.
10
What is the highest common divisor of 15624 and 1415736?
504
Calculate the greatest common divisor of 8270 and 185060.
10
What is the greatest common factor of 69922168 and 824?
824
Calculate the greatest common factor of 157807236 and 7885.
1577
Calculate the highest common divisor of 7392 and 3701313.
231
Calculate the greatest common factor of 1744 and 669360.
16
Calculate the greatest common factor of 112 and 382729564.
28
Calculate the greatest common factor of 160491 and 28512147.
2631
Calculate the greatest common factor of 551052 and 38664.
36
Calculate the highest common factor of 143 and 2691246844.
143
What is the highest common divisor of 210772472 and 152?
152
What is the greatest common divisor of 2842611 and 24?
3
What is the greatest common divisor of 77891517 and 351?
27
Calculate the highest common divisor of 1211910 and 11710.
10
Calculate the greatest common factor of 10164 and 278292.
84
What is the greatest common factor of 2354442 and 708282?
2166
What is the greatest common factor of 479265 and 4223635?
1795
What is the highest common divisor of 17303482 and 438?
146
What is the greatest common factor of 40 and 29709580?
20
Calculate the greatest common factor of 2086736 and 11152.
656
What is the highest common factor of 1036049775 and 300?
75
What is the greatest common factor of 1605796 and 1131028?
628
What is the greatest common divisor of 3132948 and 528500?
4228
What is the greatest common factor of 1211 and 912191?
7
Calculate the highest common divisor of 11211 and 1742589.
111
What is the greatest common divisor of 32465 and 112833995?
755
Calculate the highest common factor of 1168 and 18610640.
16
Calculate the highest common divisor of 892433584 and 28.
28
Calculate the greatest common divisor of 1320 and 989460.
60
What is the highest common factor of 5222 and 565460?
14
Calculate the highest common factor of 36498 and 5728338.
462
What is the highest common divisor of 27 and 208145565?
27
Calculate the greatest common factor of 502320 and 1051284.
3588
What is the highest common factor of 126 and 1789569?
9
Calculate the highest common divisor of 945032806 and 7235.
1447
What is the greatest common factor of 7044136 and 7524?
836
What is the highest common divisor of 438 and 49321209?
219
What is the greatest common divisor of 7374 and 62025172?
2458
What is the highest common divisor of 19078071 and 37430?
3743
Calculate the greatest common divisor of 24814990 and 10.
10
What is the highest common divisor of 360 and 1504836?
36
Calculate the greatest common factor of 4775 and 314675.
25
Calculate the highest common divisor of 39888 and 10383068.
1108
Calculate the highest common factor of 112014 and 2059686.
2286
What is the highest common divisor of 1049 and 405231847?
1049
What is the greatest common divisor of 384044626 and 652?
326
What is the greatest common divisor of 78028516 and 23180?
4636
What is the greatest common divisor of 267165 and 345?
15
What is the highest common divisor of 439284339 and 26?
13
What is the greatest common factor of 7554256 and 1904?
272
What is the highest common divisor of 17 and 73062?
1
Calculate the highest common factor of 620 and 5387420.
20
What is the highest common factor of 823839 and 116556?
2649
Calculate the highest common divisor of 2352078 and 1458.
162
What is the greatest common divisor of 2490 and 20528556?
498
Calculate the greatest common factor of 175050 and 1246950.
450
Calculate the greatest common divisor of 819 and 510336.
9
What is the greatest common factor of 259136 and 4814261?
4049
Calculate the highest common factor of 4356 and 9113484.
12
What is the highest common factor of 1598 and 309094?
34
What is the greatest common factor of 4372 and 3446355788?
4372
Calculate the greatest common factor of 1075362 and 30.
6
Calculate the greatest common divisor of 90 and 75513285.
45
Calculate the highest common divisor of 13613950 and 70.
70
Calculate the highest common divisor of 12 and 596779872.
12
What is the greatest common divisor of 90 and 189276510?
30
Calculate the highest common divisor of 11595 and 13470.
15
What is the highest common factor of 56 and 283629388?
28
Calculate the greatest common divisor of 3164 and 54825001.
791
Calculate the highest common factor of 169582741 and 496.
31
What is the highest common divisor of 126808683 and 1542?
771
Calculate the highest common divisor of 55706 and 2187024.
322
What is the highest common factor of 1092 and 300342?
42
What is the highest common divisor of 7765 and 61351265?
7765
Calculate the highest common factor of 274801 and 427.
1
What is the greatest common divisor of 3325630 and 326095?
2695
Calculate the greatest common factor of 766835 and 49543.
103
What is the highest common factor of 33564051 and 162?
81
What is the highest common factor of 1692 and 13966191?
423
Calculate the greatest common divisor of 32 and 746218576.
16
Calculate the greatest common divisor of 45784717 and 33.
11
What is the greatest common divisor of 6524567 and 469?
7
Calculate the greatest common factor of 33520 and 7967285.
2095
What is the greatest common divisor of 529549958 and 196?
98
Calculate the highest common factor of 782 and 5868910.
782
Calculate the greatest common factor of 3913 and 14092.
13
What is the greatest common factor of 13585 and 402325?
1045
Calculate the greatest common divisor of 347400 and 178525.
4825
Calculate the highest common divisor of 217 and 460859.
7
Calculate the greatest common divisor of 19542 and 339060214.
6514
What is the greatest common divisor of 391 and 38287364?
23
What is the highest common divisor of 392 and 340053224?
56
Calculate the highest common divisor of 435590 and 116100.
430
What is the greatest common divisor of 4277 and 10370409?
329
Calculate the greatest common divisor of 4508975 and 11925.
1325
Calculate the highest common divisor of 195 and 100772100.
195
Calculate the greatest common divisor of 4978 and 1572786.
262
What is the greatest common divisor of 358555418 and 2990?
598
Calculate the greatest common divisor of 17536 and 815872.
128
What is the highest common factor of 4435156 and 6424?
44
What is the highest common factor of 2010 and 1311405?
15
What is the highest common factor of 29792 and 5465312?
608
What is the highest common divisor of 3794 and 111368534?
542
What is the highest common factor of 2893196 and 20096?
628
Calculate the greatest common divisor of 30904443 and 2538.
27
Calculate the highest common factor of 2225721 and 58.
29
What is the highest common factor of 34703236 and 202831?
3827
What is the greatest common factor of 1424 and 7005368?
712
Calculate the greatest common divisor of 81234937 and 4328.
541
What is the greatest common factor of 1660 and 4421660?
20
What is the greatest common divisor of 5068 and 199444?
28
Calculate the highest common factor of 5085036 and 3276.
36
What is the greatest common factor of 45687442 and 499?
4